 + (1 - 3)
-5
What is the value of -2 - (-1 - (-4 - -1))?
-4
-10 - (-4 - -4 - 4) - -6
0
What is -7 - -1 - (0 - 0)?
-6
What is 0 + 2 + (-3 + 0 - 2)?
-3
What is the value of -10 + -4 + 16 - -7?
9
What is the value of -4 - (-4 - (-5 + -5 + 8))?
-2
Calculate -4 + 8 + -2 + (-1 - 4).
-3
What is the value of 2 + (-3 - 3) + 0?
-4
Calculate -3 + 0 + (5 - 6).
-4
Evaluate 16 + -12 + 0 + -1.
3
(-1 - 4) + -5 + 5
-5
Calculate -2 - (-5 + -2) - 12.
-7
What is the value of -3 + 8 + -6 + 2?
1
Calculate -4 - (-4 - -2) - (-4 - 0).
2
What is 7 - (-6 - -8 - 0)?
5
What is the value of 1 + (3 - 0) + -1?
3
8 - (11 - (-3 - -4 - -5))
3
What is 6 - -2 - (4 + 10)?
-6
Evaluate 4 + (-5 - (-14 + 7)).
6
Calculate -6 - (6 - ((2 - 9) + 21)).
2
What is 0 + -2 - (-2 + 4)?
-4
What is the value of (1 - -2 - 1) + -7 + 4?
-1
Calculate -3 - (2 + -8) - -1.
4
Calculate 0 - (0 + 5 - 6).
1
What is -12 + 7 + 0 - -5 - 6?
-6
What is 0 - (5 + -6 + 1 + 1)?
-1
What is the value of -9 - (-7 + (-3 - -2))?
-1
4 - (7 - (-3 - 1 - -3))
-4
Calculate 2 + 0 + -3 + (1 - -1).
1
What is (-9 - -18) + -18 + 6?
-3
(-1 - -2 - 1) + 2 + -7
-5
What is the value of 6 - (-9 + 10 + 3 + -3)?
5
What is the value of -23 + (10 - -13) - (-4 - 0)?
4
Evaluate (0 - 3) + (-5 - -3).
-5
Evaluate (-3 - -2) + -5 + -36 + 41.
-1
Evaluate 11 - 6 - (-17 + 22).
0
Calculate -4 + 4 + -1 + 3 + -7.
-5
What is the value of -5 + 2 - 1 - -10 - 4?
2
What is 1 + (0 - (1 - 3)) + 0?
3
What is the value of (-7 - -2) + -22 + 23 - -6?
2
Evaluate 0 + 5 + -1 + (5 - 8).
1
Calculate -9 - (0 + -2 + -4).
-3
-1 - 3 - 0 - -9
5
Calculate 2 + 8 - (-10 - -19).
1
1 - 0 - (1 + 0 + 2)
-2
What is -1 - (-5 - (-1 + -2))?
1
Calculate 1 + 1 + 3 + -4 + -1.
0
(3 - 0) + -1 - 3
-1
-28 + 30 - (7 + -2)
-3
3 - (-9 - -8 - -9)
-5
What is the value of -4 + 4 + (-6 - -5)?
-1
What is the value of (2 - (1 + -1)) + 3 - 11?
-6
-7 + 4 + -2 + 3
-2
Evaluate -682 + 683 + 1 + -1 + 5.
6
(0 - -5) + (-4 - 4)
-3
What is the value of 4 - (11 - (12 + 3))?
8
Calculate -1 + 2 + (-8 - (-3 + -1)).
-3
What is 3 - (0 + 1 + (3 - 6))?
5
What is -7 + 2 + -14 + (-12 - -35)?
4
What is the value of 0 + 7 - (3 - 4)?
8
Evaluate -1 + -2 + (6 - 7).
-4
Evaluate 72 - 66 - (-1 - (-1 - 1)).
5
Evaluate (-2 - -3) + -3 + 4 + -2.
0
Evaluate 7 + (-3 - (0 - -1)).
3
What is the value of -1 - (2 + (-3 - -1)) - -7?
6
What is the value of 0 - (1 - -2 - 9 - -3)?
3
What is (-1 - (-5 + 4)) + -6 + 12?
6
What is the value of (-1 - -4) + -3 + -3?
-3
-1 + 6 - (-8 + 25 + -8)
-4
Calculate -7 + (1 - 0) + 21 + -8.
7
Evaluate 0 + -7 + 4 + 0 + -1.
-4
What is (2 - -1) + (0 - 9 - -2)?
-4
What is the value of -6 + (1 - -5) + -6?
-6
Evaluate 4 - -3 - (1 + 4).
2
Calculate (17 - 17) + (0 - -1) - -2.
3
Evaluate (14 - (11 + -1 - 2)) + -2.
4
What is -1 - (-7 - (-3 - 0))?
3
Evaluate 4 - (-1 + (8 - 4 - -1)).
0
Evaluate 8 - (0 - -1 - (34 + -31)).
10
What is 4 - (0 - (10 - 6 - 6))?
2
What is -2 + (1 - (0 - 4))?
3
Evaluate -10 - (-1 + (-13 - -8)).
-4
What is the value of 2 + (-1 - -1 - (4 + -1))?
-1
Calculate -7 + 2 + -6 + 12.
1
(0 - -2) + 0 + (-22 - -20)
0
Calculate 2 + -1 + 1 + (-9 - -11).
4
2 + -2 + -3 + 5 + -2
0
What is the value of (10 - 7) + -2 - -2?
3
Evaluate 3 + -4 - 0 - (-1 + -1).
1
What is the value of (-3 + 10 - 1) + -5?
1
Evaluate 0 + (17 - (0 - -15)).
2
What is -1 + 1 + (2 - (-4 - -2))?
4
Evaluate 10 + (-9 - -11) - 3.
9
What is 5 - (-2 - (-4 - 3))?
0
Evaluate 4 - 13 - -3 - -7.
1
Evaluate (-2 - (-10 + 16)) + 1.
-7
Calculate -1 + -8 + 14 + 1.
6
Evaluate -100 - -95 - (-1 + 1 - 12).
7
Calculate (-5 - -6 - 5) + 7.
3
Evaluate 6 + -2 + (1 - 1) + -2.
2
Evaluate 6 + (-12 - -7) + (2 - 8).
-5
What is the value of -4 + (3 - 2) + 6?
3
Evaluate (0 + (3 - 2) - 0) + 4.
5
Evaluate 5 + -2 + 36 + -39.
0
What is (-2 - (1 - 1)) + 0 + 0?
-2
What is the value of (-39 - -30) + (5 - -1)?
-3
Calculate 7 + -5 - (-1 - -1).
2
14 - (2 + -2 + 3) - 5
6
-6 + 6 + (-3 - 3)
-6
What is -9 + 3 + -3 + 9?
0
What is the value of (6 - 2) + (-4 - -2)?
2
What is the value of 9 + -5 - (8 - 2)?
-2
Calculate 12 + -13 + 8 + -15.
-8
What is 0 - (-7 + (7 - -7) + -4)?
-3
Calculate 1 - (3 + -3 + 3 + -8).
6
What is -6 - (-9 - -17 - 19)?
5
Calculate 3 + 1 - (2 - -1).
1
Evaluate -4 + 7 + (0 - 3).
0
Calculate -1 + (6 - 3) + -8 - -12.
6
Evaluate 3 + (-1 - -8) + -20.
-10
Evaluate 4 + -11 + 11 + -2.
2
What is the value of (3 - 0) + -2 + (2 - 0)?
3
What is the value of -5 + -2 + (3 - -1) - -2?
-1
Calculate 1 - 3 - (7 - 1) - -6.
-2
Calculate 3 + (-4 - (-2 + 3 - 3)).
1
What is -1 + 4 + (2 - 3)?
2
What is the value of (-13 - -24) + -23 + 11?
-1
Calculate (-6 - -1) + 31 + -34.
-8
Evaluate (-1 - -3 - -1) + (-57 - -61).
7
-6 - (1 - 0 - 1 - -3)
-9
-9 + (5 - (2 - -3)) + 4
-5
What is the value of -10 + (-1 - (-2 - 6 - -3))?
-6
What is 3 + 1 + -1 + (6 - -1)?
10
What is the value of (-1 - -2) + (0 - -2 - 4)?
-1
What is 7 + (-6 - 2) + 6?
5
Evaluate (3 + 3 - 1) + -5.
0
What is (-3 - -10) + -2 + -1 + -3?
1
Evaluate -3 + (4 - (0 + 5)).
-4
What is 3 + -2 + -16 + 4?
-11
What is the value of (-3 - -10) + 3 + -7?
3
Calculate 1 - 1 - (7 + 2).
-9
What is the value of -10 + 5 + (6 - 2)?
-1
-3 - (6 + -1 + -7)
-1
Calculate 3 + -2 + 1 + -9.
-7
0 - 0 - ((15 - 9) + -3)
-3
Evaluate -2 + (-2 - -2 - 3).
-5
What is -3 - -4 - (14 - 7)?
-6
Evaluate -4 - (-7 - -6 - 6).
3
Evaluate (2 - 4) + 6 - (18 + -18).
4
What is the value of -2 + (7 + -11 - -13)?
7
Calculate -4 - -12 - (-3 + 22 + -2).
-9
Calculate (-4 + 4 - 4) + 0.
-4
What is the value of 11 + (-19 - -6) - (-9 + 4)?
3
Evaluate 5 + (-5 - -1) - (1 + 0).
0
(14 + -3 - 3) + -30 + 18
-4
What is the value of 225 + -213 - (-1 - -12)?
1
Calculate 3 + (-5 - (-1 + -6)).
5
Calculate -2 + 4 + (-2 - (-9 - -6)).
3
Calculate 178 + -177 + -1 + 1 + 5.
6
What is (2 - 9) + 11 + -3 - -3?
4
-4 - (-1 + -1 - 2)
0
What is the value of (-2 - -1) + (4 - 5) + -6?
-8
Evaluate 18 - 19 - (-2 - -1).
0
Evaluate -42 - -48 - ((1 - 1) + 1).
5
Calculate -21 + 21 + (-7 - -18).
11
Evaluate 4 + (-3 - (8 + -6) - -8).
7
What is (-19 - -23) + -3 + -5?
-4
Calculate (-6 - -12) + 5 + 4 + -5.
10
Calculate -13 - (-7 + -1) - (0 - 4).
-1
Calculate 3 + 0 - (3 + (-1 - -3)).
-2
What is the value of (-8 - (-13 + 8)) + 1 + -6?
-8
Calculate -2 - (-5 - 6) - 10.
-1
What is (-3 + -2 - -9) + -7 + 3?
0
What is 1 + -3 + (0 + 0 - 0)?
-2
What is -8 + (-5 - -5) + 5 + -3?
-6
What is the value of 8 - (5 - (-10 + 7))?
0
-4 + (-5 - -4) + (0 - -1)
-4
Calculate 7 - 0 - (-42 - -45).
4
Evaluate -2 + 3 - (4 - (17 - 16)).
-2
-1 - -10 - (2 - (-4 - -4))
7
Calculate -4 - (-1 + 4 + (-9 - -4)).
-2
Calculate 8 + (-6 + 1 - -4).
7
What is the value of -6 + 10 - (6 - 1)?
-1
14 + (-3 - (-5 - (-4 + -2)))
10
-1 + -8 + (6 - -1) - 0
-2
Calculate 1 - (5 + (-18 + 3 - -8)).
3
Calculate (-4 - -2 - 7) + 3.
-6
What is -5 - 2 - (0 + -11)?
4
What is the value of -4 - (2 + -1 + -4 + -4)?
3
Calculate 3 + (-4 - -3) + 1 + -4.
-1
Calculate 1 + 0 + (0 - 3) + 2.
0
What is the value of -1 + (-8 + 5 - -6)?
2
Calculate -1 - ((-2 - 4) + 5).
0
Evaluate 3 + (-3 + -3 - -9 - 13).
-7
Evaluate 0 + -10 - (-44 - -38).
-4
What is 4 + -3 + -1 - (-2 - -6)?
-4
What is the value of (-5 - -1) + (56 - 58)?
-6
What is the value of -2 + 1 - (8 + 2 - 11)?
0
4 - -2 - (0 - -1)
5
Calculate -9 - -4 - (1 - 3 - 2).
-1
Calculate 0 + (4 - ((5 - 1) + -5)).
5
Calculate 3 + 2 + (-19 - -15) + 3.
4
What is -1 + -4 + 3 - 1?
-3
What is (1 - -4) + (-13 - -9)?
1
Evaluate (-6 - 0) + (-3 - -10) - 7.
-6
What is the value of (-7 - 1) + 0 + 4?
-4
What is 64 - 65 - (0 + -2)?
1
What is the value of (6 + -2 - (2 - -3)) + 2?
1
Evaluate 1 - (0 + 2 - (2 - -1)).
2
What is the value of -5 + (-7 - -11) + 4?
3
Evaluate 11 - (9 + 2 + -4).
4
Evaluate 0 + (1 - -4) + -3.
2
Calculate 4 + -1 + -1 + -4 - -5.
3
-7 + 9 - (0 - (-1 - 2))
-1
What is the value of 1 - ((0 - 1) + -3)?
5
Calculate (-43 - -39) + (1 - -2).
-1
(-2 - -1) + (1 - (3 + -5))
2
7 - (-4 - -16 - 6)
1
What is the value of (-2 - (-2 + -5)) + -7?
-2
What is (-27 - -40) + (-3 - (-1 - -3))?
8
Evaluate -8 + 4 + 9 + 2.
7
What is (8 - 5) + (-4 - -2) - -4?
5
What is (-2 - (1 - 6) - 1) + -3?
-1
What is the value of (3 - 4 - -3) + (-1 - 0)?
1
What is -9 - -4 - 1 - (-4 + 0)?
-2
Evaluate -3 - (2 - (9 + 1)).
5
-3 + 10 + (-4 - 0)
3
What is the value of 3 - (-2 - 0 - -12)?
-7
-4 - (-3 - (-1 - 1))
-3
Evaluate 1 - 5 - (9 - 16).
3
What is 0 - 2 - ((9 - 8) + -1)?
-2
Calculate -4 - -2 -